osite?
False
Is 517175017 composite?
False
Is 19710035303 composite?
True
Is 16065084389 composite?
False
Is 5156004751 prime?
True
Is 984151969 composite?
True
Is 43784219 composite?
False
Is 23811803 composite?
True
Is 866767149709 composite?
False
Is 2031477323 prime?
False
Is 5928866677 prime?
False
Is 15077599357 a prime number?
True
Is 37571718841 composite?
True
Is 44143070953 prime?
True
Is 2724272851 a prime number?
False
Is 647993627 prime?
False
Is 957810239 composite?
False
Is 30620277731 a prime number?
True
Is 1885559101 a composite number?
True
Is 1278093737 a composite number?
True
Is 57854045341 a composite number?
True
Is 6003926741 composite?
False
Is 195284292701 composite?
False
Is 170474646521 composite?
False
Is 19394040937 a composite number?
True
Is 6926319509 composite?
True
Is 125740912217 a composite number?
False
Is 13949976683 composite?
True
Is 898904683 a prime number?
True
Is 18658905563 composite?
False
Is 203700691 a composite number?
True
Is 2042329463 a prime number?
False
Is 5008370307 composite?
True
Is 5362074719 composite?
False
Is 352869069895 composite?
True
Is 5865182443 a prime number?
True
Is 33625366279 prime?
True
Is 6650183927 composite?
False
Is 1565926507 composite?
False
Is 20211208691 prime?
False
Is 7532544137 prime?
False
Is 1335079019 a composite number?
True
Is 1673725353 a composite number?
True
Is 2295550343 a composite number?
True
Is 1500824707 composite?
False
Is 453951377 composite?
True
Is 19705196551 prime?
False
Is 5151437713 a composite number?
True
Is 290097989 a prime number?
True
Is 14887369031 a composite number?
True
Is 1827877201 composite?
False
Is 33328331767 composite?
True
Is 26748160591 a prime number?
True
Is 276503099 a prime number?
True
Is 3148904347 prime?
True
Is 353225893 a composite number?
False
Is 62921779321 a composite number?
False
Is 32946542095 a composite number?
True
Is 16574632727 a prime number?
False
Is 11356243189 prime?
False
Is 240664453 prime?
True
Is 819645637 prime?
False
Is 441894223 a composite number?
True
Is 283855141 a prime number?
True
Is 3176188121 prime?
False
Is 265216855 a prime number?
False
Is 1416822917 prime?
True
Is 11501292119 a prime number?
True
Is 4345894417 composite?
False
Is 742131557 prime?
True
Is 8600420863 a prime number?
False
Is 17519275679 a prime number?
False
Is 17635103071 composite?
True
Is 12322949519 composite?
False
Is 30988024981 a composite number?
False
Is 2423482417 a composite number?
False
Is 97441669951 a prime number?
True
Is 3966016517 a composite number?
False
Is 5239035079 prime?
False
Is 6223446431 a composite number?
True
Is 684221653 composite?
True
Is 126452899 a prime number?
False
Is 55013543 composite?
True
Is 13938492641 a prime number?
False
Is 1315864091 prime?
True
Is 20867913637 prime?
True
Is 7488936683 composite?
True
Is 3722115247 composite?
False
Is 3969301747 prime?
True
Is 1383486033 a composite number?
True
Is 1164238843 a composite number?
True
Is 75838949 a composite number?
False
Is 14945052047 prime?
False
Is 1096308701 a composite number?
True
Is 3163530133 composite?
True
Is 773210101 composite?
True
Is 211264562699 composite?
False
Is 1469263543 a composite number?
True
Is 46879077655 prime?
False
Is 34163327753 composite?
False
Is 686691397 a composite number?
True
Is 12609170681 prime?
False
Is 2152404502 composite?
True
Is 763306697 a composite number?
False
Is 44779850855 composite?
True
Is 33289226767 composite?
False
Is 138934372823 composite?
False
Is 115114121 a composite number?
False
Is 44160401459 a prime number?
False
Is 105736244153 composite?
False
Is 417657467 composite?
False
Is 117067380587 a prime number?
True
Is 195274507 prime?
False
Is 2153227151 composite?
False
Is 2714506007 prime?
False
Is 217958827 a composite number?
False
Is 40456461351 composite?
True
Is 913654727 prime?
False
Is 50156827267 prime?
False
Is 11048524441 a composite number?
True
Is 22513089803 a composite number?
False
Is 4324934429 a composite number?
False
Is 20917926517 prime?
True
Is 2114735569 composite?
False
Is 11705267297 a prime number?
False
Is 3671115059 a composite number?
True
Is 29406384401 prime?
True
Is 394361477 a composite number?
True
Is 5109950767 prime?
True
Is 28793841203 prime?
False
Is 27113689667 a composite number?
False
Is 357142531 a composite number?
True
Is 16110736541 prime?
True
Is 1749916939 a composite number?
False
Is 588322333 a composite number?
True
Is 82501408823 prime?
True
Is 480055249 composite?
True
Is 2070922649 a prime number?
False
Is 376058432527 a prime number?
True
Is 6935668329 a prime number?
False
Is 461153111 composite?
True
Is 1910315567 a prime number?
True
Is 15622771543 a composite number?
True
Is 31748039 a composite number?
False
Is 265599097 a composite number?
False
Is 125901555851 a composite number?
True
Is 10969936219 a prime number?
False
Is 1336183661 a composite number?
False
Is 976391683 prime?
True
Is 344171677 composite?
False
Is 452472364597 prime?
False
Is 33970473367 a prime number?
True
Is 72904627561 a composite number?
False
Is 883948567 a composite number?
False
Is 10422133321 composite?
True
Is 54308603 prime?
True
Is 106006919 a composite number?
True
Is 117832007823 composite?
True
Is 37993514971 a composite number?
False
Is 231762353 composite?
False
Is 14741725883 composite?
False
Is 1032938161 a prime number?
True
Is 9178195097 prime?
False
Is 273646463 a prime number?
True
Is 1511539541 a composite number?
False
Is 1325401366 a prime number?
False
Is 17151935329 a composite number?
False
Is 1492274813 a composite number?
False
Is 695429 prime?
False
Is 2065368553 a prime number?
True
Is 221573663 prime?
True
Is 16696882541 prime?
True
Is 91137859081 composite?
True
Is 484814651 a prime number?
True
Is 51852303147 composite?
True
Is 7669987477 a prime number?
False
Is 672989627 a prime number?
False
Is 31255669145 composite?
True
Is 3685277327 a composite number?
True
Is 356507267 prime?
False
Is 42782027014 prime?
False
Is 587777303 a composite number?
False
Is 186552181 composite?
True
Is 37505747198 composite?
True
Is 14009002351 a composite number?
True
Is 40229707747 a prime number?
False
Is 452911691 composite?
True
Is 164279191 composite?
False
Is 14789436289 prime?
True
Is 1579642073 a prime number?
False
Is 80324015 a composite number?
True
Is 261443713 a composite number?
False
Is 4437921097 prime?
False
Is 5806693357 composite?
False
Is 3335715151 prime?
True
Is 45421964041 a composite number?
False
Is 10202064857 composite?
True
Is 1637337127 prime?
True
Is 70317827 a prime number?
False
Is 681177017 composite?
False
Is 55914073 composite?
False
Is 1417850611 prime?
False
Is 12165709607 prime?
True
Is 17355376519 composite?
True
Is 783491721 a composite number?
True
Is 10142189 prime?
True
Is 18106078483 prime?
False
Is 68177093 a composite number?
True
Is 6917899991 prime?
False
Is 5341239319 a prime number?
False
Is 386450887 a prime number?
False
Is 26702161093 prime?
True
Is 405784201 prime?
True
Is 133815949 a composite number?
False
Is 104955212386 composite?
True
Is 6411741529 a composite number?
True
Is 165131569 a prime number?
True
Is 481350409 prime?
True
Is 14764427857 composite?
False
Is 13196315911 prime?
True
Is 44086810457 prime?
True
Is 4587333299 a prime number?
True
Is 2310389 a composite number?
False
Is 118979649605 a composite number?
True
Is 2110764309 composite?
True
Is 3923596849 composite?
True
Is 28885045199 a prime number?
True
Is 103375729 a prime number?
False
Is 13354039117 prime?
True
Is 3210780049 composite?
False
Is 3586042367 prime?
True
Is 8556364807 composite?
False
Is 557870363 prime?
False
Is 343335547 composite?
False
Is 3003193481 composite?
True
Is 9760793071 prime?
False
Is 2567091227 a composite number?
False
Is 4515332215 a prime number?
False
Is 271182539 a prime number?
False
Is 780339427 a composite number?
True
Is 9089828597 a composite number?
True
Is 301154033 a composite number?
False
Is 4731521677 prime?
True
Is 9435063503 composite?
False
Is 51287288483 composite?
False
Is 412103501 a composite number?
False
Is 20539132991 a composite number?
True
Is 480870817 prime?
False
Is 68840680721 prime?
True
Is 1092037949 a prime numb